4*q**3 - q**2 + q + 1. Suppose -11 = -3*w - 8, 0 = 5*r - 5*w. List the prime factors of t(r).
3, 5, 19
Let s = -121712 + 190067. What are the prime factors of s?
3, 5, 7, 31
Let y(h) = 3*h**2 + 46*h + 140. Let m be y(-19). Suppose p - 759 = m. What are the prime factors of p?
2, 277
List the prime factors of (-532910)/644*352/(-10).
2, 11, 331
Let q = -53286 + 82094. What are the prime factors of q?
2, 13, 277
Suppose -1124308 = 198*o - 3742275 - 2981275. What are the prime factors of o?
28279
Suppose 3 = 2*d + 9. Let f(h) be the first derivative of -3*h**4/4 + h**3/3 - 5*h**2/2 + 4*h + 1. List the prime factors of f(d).
109
Let s(f) = 2*f**3 - f**2 - f + 2. Let d be s(1). Suppose 0*g - d*g = -296. Suppose 973 - g = 11*p. List the prime factors of p.
3, 5
Suppose 3*r + 80 = -q, 4*r - 1 + 9 = 0. Let k = 43 + -192. Let v = q - k. What are the prime factors of v?
3, 5
Suppose 0 = -221*y - 1164293 + 5588050. List the prime factors of y.
37, 541
Suppose -4*o + 39 = 2*r + 3*r, o + 34 = 5*r. Let k(j) = -j**2 + 8*j + 3. Let z be k(r). Suppose 2*b = -3*u + 143, 3*u + z = -5. List the prime factors of b.
79
Let p(l) = -283*l - 2164. What are the prime factors of p(-29)?
6043
Let g(s) be the first derivative of -s**3/3 - 45*s**2/2 - 63*s - 73. List the prime factors of g(-28).
7, 59
Let j(o) = 14*o**2 - o + 1. Suppose -7*i + 19 + 9 = 0. Suppose -i*s - 6*w + 3*w - 5 = 0, 12 = -3*s - 5*w. List the prime factors of j(s).
2, 7
Let c = -29 - -44. Suppose 3*j = 3*r + c, 5*r - 6*j + 16 = -4*j. Let u(f) = -39*f + 8. List the prime factors of u(r).
2, 43
Let k(h) be the second derivative of h**4/12 + 3*h**3 - h**2/2 + h + 4. What are the prime factors of k(-25)?
2, 3, 29
Let g(q) = 153*q - 168. Let u(f) = 14*f + 20*f + 21 + 25*f - 78*f. Let d(s) = -4*g(s) - 33*u(s). List the prime factors of d(4).
3, 13
Let g = -176 - -177. List the prime factors of (g + 162)/((-1)/18*-9).
2, 163
Let q(s) = 14*s**3 + 5*s**2 - 22*s + 37. List the prime factors of q(9).
2, 5, 11, 19
Let u(b) be the second derivative of -9*b**2 + 0 + 1/12*b**4 - 2*b - 3/2*b**3. What are the prime factors of u(15)?
2, 3
Suppose -4*l - 780 = -8*l. Let y(u) = -21*u - 47. Let f be y(3). Let x = l + f. List the prime factors of x.
5, 17
Let b(z) = z**3 + 14*z**2 - 2. Let x be 114/(-8) + 6/24. Let v be b(x). Let u(i) = 18*i**2 - 2*i + 1. List the prime factors of u(v).
7, 11
Let y(o) = 208*o - 4. Let m be y(2). Suppose -2*d - 161 = 3*g, -m = d + 4*d - 2*g. Let l = d + 151. List the prime factors of l.
3, 23
Let r be 7/(-4) + 1 - (-45)/12. Suppose -3*g = -0 + 6, v + r*g + 3 = 0. Suppose 6*n - v*n - 153 = 0. What are the prime factors of n?
3, 17
Suppose -199*s + 202*s - 120 = 0. List the prime factors of (-285)/(s/60*1/(-2)).
3, 5, 19
Let t = -88 - -92. Let s be 72/39 + t/26. What are the prime factors of -4 + s + (99 - 3)?
2, 47
List the prime factors of ((-38)/114)/(-2*2/18708).
1559
Suppose -5*z + 40 = 5*q, 0*z + 27 = 3*z + 4*q. Suppose z*r + 467 = 1872. What are the prime factors of r?
281
Suppose -5*x + 525 - 50 = 0. Suppose -4 = 4*c - 4*h, -3*h + 35 = 9*c - 4*c. Suppose -5*y + 479 = -c*n, 0 = -2*y + y + n + x. What are the prime factors of y?
3, 11
Suppose 4*d = -3*i + 26, 3*d - 5*i - 13 + 8 = 0. List the prime factors of 328 + d/(-2) + (-13)/(-26).
2, 163
Let p = 43726 - 29904. List the prime factors of p.
2, 6911
Suppose -987 - 837 = -6*o. Suppose -9*t - o + 1321 = 0. What are the prime factors of t?
113
Suppose 9 = 5*p - 3*r, 5*p - 19 = -4*r + 2*r. Suppose -p*f + 290 = 2*j, -3*f + 16 = 4*j - 558. What are the prime factors of j?
2, 71
Let o(b) = -26*b**3 + 5*b - 2. Let h(z) = 13*z**3 - 2*z + 1. Let j(p) = -5*h(p) - 2*o(p). Let d be j(-1). Let a = 167 - d. What are the prime factors of a?
5, 31
Let n = 588 - 208. Let q be (-44)/33 + n/6. What are the prime factors of -1 - 81/18*q/(-3)?
2, 23
Let x = 8105 - 2686. What are the prime factors of x?
5419
Let d(w) = 137*w - 2. Suppose -11*k + 16 = -7*k. List the prime factors of d(k).
2, 3, 7, 13
Let v be (-30 + 12)*(-2)/9. Suppose l = -l - s + 1163, -v*l + 2*s = -2346. List the prime factors of l.
2, 73
Let f(s) = 233*s**2 - 11*s - 9. Let p(c) = -117*c**2 + 6*c + 5. Let d(n) = 6*f(n) + 11*p(n). Let b be d(1). Let t = b + -52. What are the prime factors of t?
2, 3, 5
Suppose -5*j = -47 + 17. List the prime factors of j/(-4)*1460/(-10).
3, 73
Suppose -1808*l = -1850*l + 3209094. What are the prime factors of l?
3, 25469
Suppose -790 = -30*a + 1400. Let j be (-2)/(-7) + (-397)/(-7). Let d = a - j. What are the prime factors of d?
2
Let c = -213 + 175. What are the prime factors of (8 + c/4)/(6/(-1396))?
349
Let p(u) = -3*u**2 + 2*u + 2. Let r be p(4). Let o = r - -34. What are the prime factors of 20/30*(-366)/o?
61
Let r be (-26)/91 + (-8328)/7. Let h = -617 - r. List the prime factors of h.
3, 191
Let s = 149402 + -104451. What are the prime factors of s?
79, 569
Suppose -4*p - z = -4552 - 6318, 2*z = 4. Suppose -1067 = -2*g - 5*q, 2*q - p = -5*g + 6*q. List the prime factors of g.
541
Let w = 40012 - 60. What are the prime factors of w?
2, 11, 227
Suppose -3*q = 4*b - 7*q - 47804, -3*b + 35860 = 4*q. What are the prime factors of b?
2, 3, 83
Let r(t) = 45*t**2 - 2*t + 2. Let l be r(1). Let q = l - 41. Suppose m - 1 + 7 = -2*w, m + q*w = -14. What are the prime factors of m?
2
Suppose 0 = -2*g + 4*g + 160. Let p = g - -65. What are the prime factors of (5/p)/(1/21*-1)?
7
Let i be -6*(-2 - (-21)/9). Let w(u) = u**2 + 3*u + 3. Let g be w(i). List the prime factors of (6/15)/(g/20).
2
Let i(y) = 101*y - 115. Let c be i(-8). Let g = 1319 + c. List the prime factors of g.
2, 3, 11
Suppose 58 + 38 = 32*t. Suppose u = -4*r + 3326, r + 4*u - 830 = t*u. List the prime factors of r.
2, 13
Let m = -57 + 59. Suppose -4*i = -i - n - 235, 5*i + m*n = 399. Suppose 0 = -5*f + 4*g + i - 21, 0 = 4*f + 4*g - 68. What are the prime factors of f?
2, 7
Let w(h) = -h**3 + 17*h + 7. Let l(z) = -z**3 + z**2 + 9*z - 4. Let u be l(3). Suppose -5*j - 2*d = 41, j - 25 = u*j - d. What are the prime factors of w(j)?
3, 7, 11
Let c(p) = 48*p - 21*p - 33*p - 23*p + 119. What are the prime factors of c(-20)?
3, 233
Let s(p) = -14*p**3 - 4*p**2 + 6*p + 6. Let n be (92/12 + -5)*(-15)/10. What are the prime factors of s(n)?
2, 11, 37
Let g(p) = p**3 + 3*p + 9*p**2 - 4 + 3 + 2*p**2 + 0. Let v(w) = w**3 - 4*w**2 - 15*w + 43. Let x be v(5). List the prime factors of g(x).
2, 3, 29
Let d(i) = -i**3 + 11*i**2 + 12*i + 8. Suppose -4 = -y + 4*l + 9, 0 = -5*y - 5*l + 40. What are the prime factors of d(y)?
2, 139
Suppose -5*j + 6*t + 350490 = 0, -450127 = -5*j - 4*t - 99637. List the prime factors of j.
2, 3, 7, 1669
What are the prime factors of (-3432)/44*(-365)/3?
2, 5, 13, 73
Suppose -33*h = -34*h + v + 6, 0 = -v - 1. Suppose h*o - 1835 = -5*f, -3*f + 6 = 3. What are the prime factors of o?
2, 3, 61
Let n(o) = 165*o - 2863. What are the prime factors of n(100)?
13, 1049
List the prime factors of (-627)/(-418) - (-14879)/2.
7, 1063
Suppose 0 = -5*s + 5*m - 645, 0*s + 3*s + m = -375. Let j = 340 - s. What are the prime factors of j?
2, 233
Let i(f) = 5*f - 52. Let o(j) = -j + 13. Let u(c) = 2*i(c) + 9*o(c). Let n be u(7). Suppose -4*p - 5*w + 351 = -0*w, -n = 4*w. What are the prime factors of p?
2, 47
Let b = 446 + -335. Let f = b + 777. List the prime factors of f.
2, 3, 37
Let v(d) = d**3 + d**2 - 10*d - 1. Let j be v(3). Suppose 4*m = 3*i - 1508, -j*i - 248 = 2*m - 2744. List the prime factors of i.
2, 5
Let l(h) = h**3 + 24*h**2 - 5*h - 54. Let k be l(-24). Suppose k*v - 59962 = -9736. List the prime factors of v.
761
Let k be -2 + -1*80/(-1 + -3). Suppose -8*a - 338 + k = 0. Let h = -19 - a. List the prime factors of h.
3, 7
Let d = 2 - -3. Let m(n) = 4*n**2 - 108*n + 86. Let a be m(28). Suppose 381 = 2*b - d*q, -b + a = -4*q + 3*q. List the prime factors of b.
7, 29
Let i = 161 + -152. List the prime factors of (i/(-2) - -3)/(54/(-38484)).
1069
Let z be 5/35*-2 + (-16)/(-7). Suppose 108 = z*o + 2*o. Let v = o + 17. List the prime factors of v.
2, 11
Let c(z) = 37*z**2 - 5*z + 6. Suppose 5*a - 15*a = -30. List the prime factors of c(a).
2, 3
Suppose -o + 5*o = 0. Suppose o = -3*x + 7 + 2. Suppose x = 3*j, c - 138 = -5*j - 0*j. What are the prime factors of c?
7, 19
Let h(c) = 30*c**2 +